13) to base 2.
1010000101
-43c4 (base 14) to base 2
-10110111011000
4402 (base 9) to base 13
1625
-756 (base 10) to base 4
-23310
What is 481 (base 11) in base 5?
4243
What is -302203 (base 4) in base 9?
-4384
Convert -2741 (base 8) to base 6.
-10545
Convert -10565 (base 7) to base 11.
-2029
What is -10742 (base 9) in base 2?
-1101111111110
Convert -92bc (base 14) to base 13.
-b658
Convert -1000011 (base 3) to base 8.
-1335
-543a (base 11) to base 5
-212212
Convert -422 (base 6) to base 16.
-9e
4283 (base 13) to base 12
5415
26a (base 11) to base 3
102210
What is 3933 (base 13) in base 11?
6143
What is 1421 (base 6) in base 9?
454
What is -24320 (base 6) in base 8?
-6770
534 (base 6) to base 2
11001010
Convert 5778 (base 9) to base 2.
1000010111011
Convert -62a (base 13) to base 4.
-100122
7bd (base 15) to base 6
12041
Convert 30631 (base 9) to base 11.
141a1
What is 8615 (base 9) in base 6?
45152
Convert 842 (base 16) to base 2.
100001000010
-31111 (base 4) to base 11
-706
Convert -72a (base 11) to base 10.
-879
Convert 11421 (base 7) to base 4.
232023
Convert 10835 (base 12) to base 6.
245305
Convert 976 (base 10) to base 13.
5a1
Convert a18a (base 13) to base 5.
1203003
What is 10313 (base 6) in base 15?
643
1066 (base 12) to base 3
2110220
Convert -21614 (base 9) to base 12.
-837a
What is 3620 (base 8) in base 13?
b5c
586 (base 11) to base 16
2bb
Convert 114b0 (base 13) to base 15.
9552
What is 437 (base 15) in base 6?
4224
What is -100011100111 (base 2) in base 8?
-4347
What is 242a3 (base 11) in base 9?
52855
What is 1000011110010101 (base 2) in base 14?
c913
What is 1663 (base 9) in base 7?
3465
2776 (base 9) to base 8
4056
What is 21100202 (base 3) in base 13?
259a
Convert 4104 (base 6) to base 7.
2431
3c6c (base 15) to base 14
49d5
Convert 1216 (base 10) to base 3.
1200001
-2302 (base 7) to base 9
-1127
What is -30104 (base 5) in base 15?
-86e
Convert -342 (base 5) to base 13.
-76
Convert 111001111101000 (base 2) to base 11.
20325
-1ebc (base 15) to base 5
-203302
What is 1798 (base 16) in base 9?
8251
What is b55 (base 12) in base 11?
126a
20212220 (base 4) to base 13
1306a
What is 2333 (base 12) in base 11?
2a50
Convert 2201 (base 5) to base 4.
10231
What is 14a7 (base 15) in base 12?
2694
What is 419 (base 13) in base 6?
3122
What is 687 (base 13) in base 6?
5113
What is -d77 (base 15) in base 4?
-233131
-3470 (base 11) to base 5
-121204
What is 311 (base 15) in base 13?
412
-1078 (base 11) to base 16
-588
-11220 (base 4) to base 8
-550
-233 (base 6) to base 10
-93
What is 345 (base 6) in base 12?
b5
-40440 (base 8) to base 7
-66415
What is 39db (base 16) in base 4?
3213123
What is 4311 (base 7) in base 11?
1169
-1a (base 15) to base 9
-27
9489 (base 13) to base 6
235110
24064 (base 7) to base 11
4745
Convert 13306 (base 8) to base 2.
1011011000110
-369 (base 13) to base 6
-2430
Convert -4ba (base 12) to base 5.
-10333
What is 311 (base 10) in base 13?
1ac
Convert -234 (base 15) to base 3.
-200111
Convert 10223 (base 7) to base 5.
40031
What is -2043 (base 6) in base 8?
-713
What is -2308 (base 15) in base 8?
-16411
1463 (base 7) to base 5
4314
-3205 (base 6) to base 13
-43a
12120022 (base 3) to base 4
333122
Convert 17c3 (base 14) to base 13.
1c4a
1181 (base 11) to base 13
917
Convert -60473 (base 8) to base 14.
-90dd
What is -3ca (base 14) in base 8?
-1376
-b76 (base 14) to base 13
-104b
What is -1e35 (base 15) in base 14?
-2579
-2212 (base 7) to base 4
-30121
222211011 (base 3) to base 13
8b90
What is -26 (base 11) in base 4?
-130
1516 (base 9) to base 2
10001111101
Convert 169 (base 16) to base 12.
261
Convert 4623 (base 9) to base 8.
6537
Convert -32c (base 14) to base 7.
-1555
Convert -36171 (base 12) to base 6.
-1321021
What is -662 (base 11) in base 16?
-31a
What is -4519 (base 12) in base 2?
-1110111100101
Convert -204402 (base 7) to base 6.
-430520
What is 168a (base 13) in base 5?
101300
Convert b77 (base 12) to base 9.
2261
-105725 (base 8) to base 15
-a917
Convert -4a0b (base 12) to base 13.
-3a64
-11012 (base 4) to base 5
-2301
Convert 100010111 (base 2) to base 3.
101100
4a215 (base 11) to base 7
420204
-234232 (base 5) to base 2
-10000111110100
Convert -9c8 (base 15) to base 11.
-1732
What is -898 (base 12) in base 5?
-20033
What is 5d (base 16) in base 12?
79
40312 (base 6) to base 12
3098
Convert 3132 (base 5) to base 7.
1134
What is 11003 (base 7) in base 13?
1334
-7706 (base 8) to base 6
-30410
Convert 1341 (base 8) to base 10.
737
23803 (base 12) to base 11
32a15
Convert -33313 (base 6) to base 9.
-6340
What is -1232 (base 8) in base 11?
-556
What is -31003 (base 6) in base 9?
-5563
12243 (base 6) to base 7
5220
331 (base 8) to base 16
d9
Convert -42136 (base 10) to base 9.
-63717
-6575 (base 13) to base 9
-21332
Convert -50150 (base 10) to base 2.
-1100001111100110
Convert -301423 (base 6) to base 16.
-5c97
What is 1416 (base 15) in base 9?
5803
Convert 1011120 (base 5) to base 6.
203550
What is 42688 (base 10) in base 11?
2a088
123 (base 8) to base 11
76
Convert 4241 (base 11) to base 9.
7624
-6d9 (base 15) to base 6
-11110
What is 10000001101011101 (base 2) in base 16?
1035d
What is 445230 (base 6) in base 2?
1001001001010010
Convert -36123 (base 7) to base 11.
-700a
Convert 50a2 (base 11) to base 16.
1a6f
-3260 (base 11) to base 8
-10315
Convert -6a83 (base 11) to base 8.
-22107
What is -378 (base 10) in base 15?
-1a3
Convert 52105 (base 6) to base 16.
1b29
Convert -5905 (base 10) to base 4.
-1130101
Convert -1011 (base 6) to base 9.
-267
-22141 (base 6) to base 7
-11665
-1011111 (base 2) to base 14
-6b
Convert -85b (base 16) to base 8.
-4133
1135a (base 13) to base 4
13221230
Convert -110110100 (base 2) to base 3.
-121011
What is 1252 (base 9) in base 4?
32222
2502 (base 7) to base 9
1246
120340 (base 5) to base 15
14d0
Convert 64 (base 11) to base 16.
46
Convert -12354 (base 8) to base 2.
-1010011101100
Convert -223300 (base 4) to base 7.
-11110
What is -1651 (base 9) in base 7?
-3451
Convert 16145 (base 7) to base 10.
4541
What is -1124 (base 9) in base 14?
-436
Convert -761a (base 11) to base 14.
-394c
8237 (base 10) to base 9
12262
Convert 542 (base 14) to base 5.
13123
What is 4af (base 16) in base 11?
9a0
What is 37443 (base 11) in base 12?
2714b
What is 99ab (base 14) in base 12?
13497
What is 412531 (base 6) in base 15?
9bc1
-110 (base 11) to base 10
-132
Convert 103482 (base 9) to base 8.
170302
1620b (base 13) to base 6
522512
Convert -1665 (base 16) to base 7.
-22500
What is -2a034 (base 12) in base 9?
-88574
Convert -302302 (base 4) to base 9.
-4411
-1ab (base 12) to base 7
-542
Convert 21021012 (base 3) to base 11.
3a86
What is -606 (base 11) in base 8?
-1334
What is 100101010 (base 2) in base 13?
19c
What is 15534 (base 6) in base 4?
220102
Convert 110750 (base 8) to base 2.
1001000111101000
Convert 19c (base 15) to base 12.
270
-c8 (base 14) to base 5
-1201
4222 (base 5) to base 13
343
What is 357 (base 12) in base 14?
279
What is -29b (base 12) in base 15?
-1c2
What is -128 (base 11) in base 6?
-411
-b0 (base 13) to base 12
-bb
25786 (base 9) to base 12
a0b0
What is -154 (base 13) in base 10?
-238
254 (base 12) to base 9
431
10222210 (base 3) to base 7
11325
What is -104801 (base 9) in base 6?
-1201514
Convert 17de (base 16) to base 6.
44142
What is -111114 (base 5) in base 13?
-1a19
Convert -12132 (base 7) to base 13.
-1590
d139 (base 15) to base 12
21676
What is -10423 (base 6) in base 14?
-75d
Convert 3d7 (base 16) to base 13.
5a8
What is 110001111111010 (base 2) in base 4?
12033322
What is -1001110 (base 2) in base 4?
-1032
Convert 2f6 (base 16) to base 2.
1011110110
Convert -1023042 (base 5) to base 16.
-4378
What is 200023 (base 5) in base 8?
14167
-5e3 (base 16) to base 14
-799
-b45 (base 12) to base 5
-23022
-25516 (base 7) to base 13
-3112
What is 7160 (base 8) in base 10?
3696
What is -10011 (base 3) in base 15?
-5a
126 (base 7) to base 15
49
Convert -12327 (base 8) to base 14.
-1d31
Convert 1441 (base 7) to base 5.
4233
-429e (base 15) to base 4
-3130103
Convert b42 (base 12) to base 16.
662
-21764 (base 9) to base 12
-8464
What is e148 (base 15) in base 9?
72185
What is 43203 (base 8) in base 3?
220202120
What is -1073 (base 13) in base 15?
-a2b
-135 (base 7) to base 15
-50